*r - 3*u + 4868. List the prime factors of r.
11, 13, 17
Let u be ((-8)/(-28))/((-3)/(-21)). Let z(f) = 14 + 4*f - 3*f - u. What are the prime factors of z(0)?
2, 3
Suppose -24*s - 1223 = -25*s + 4*l, 0 = s + l - 1208. List the prime factors of s.
7, 173
Suppose -5*m - 4*d + d = -32, 4*m - 12 = d. What are the prime factors of (20 + 0 - 0)/(1/m)?
2, 5
Let q(g) be the third derivative of 0*g + 0 - 2*g**2 + 1/10*g**5 - 1/8*g**4 + 1/2*g**3. What are the prime factors of q(3)?
2, 3
Let f(z) = z**2 + 9*z + 3. Let k be f(-8). Let j = -3 - k. Suppose 4*u - 103 = -5*d, j*u + 0*u - 4 = 0. What are the prime factors of d?
19
What are the prime factors of (-8)/6 - 755038/(-318)?
3, 7, 113
Suppose 5*f - 3268 = 2862. What are the prime factors of f?
2, 613
Let z be 134 + 0 - (-23 + 22). Let m = -61 + z. What are the prime factors of m?
2, 37
Let s = 14 + -10. Suppose h + w - 2 = -0, 2*h - s*w = 16. Suppose -h*q - q + 35 = 0. What are the prime factors of q?
7
What are the prime factors of (-382*(-10)/(-60))/((-1)/27)?
3, 191
Let v = -11 + 14. Suppose v*j - 66 = -0*j. List the prime factors of j.
2, 11
Let b = 206 - -180. What are the prime factors of b?
2, 193
Suppose 0 = 2*h - 2*a - 292, 6*a - 10*a = 5*h - 694. List the prime factors of h.
2, 71
List the prime factors of ((3 - 6) + 3421)*2/4.
1709
Suppose -p = 5*y - 1172, 0 = 4*p + 2*y - 5*y - 4619. List the prime factors of p.
13, 89
List the prime factors of (-1)/(-1)*(-55204)/(-74).
2, 373
Let u(c) = -c**3 - c**2 + 3*c + 4. Let s be u(-2). Suppose -162 - 310 = -s*z. List the prime factors of z.
2, 59
Suppose 55 = 3*y - w, 3*y - 4*w - 50 = y. Let n = 16 + -12. Suppose 9*v - 4*v - 95 = -n*i, i - v - y = 0. What are the prime factors of i?
2, 5
Suppose 3*p - 826 - 701 = -2*o, 5*o = -5*p + 2550. List the prime factors of p.
3, 13
Suppose -1251 - 146 = -4*h + 5*q, h - 352 = 4*q. What are the prime factors of h?
2, 3, 29
Let n(s) be the third derivative of 95*s**4/24 + 4*s**3/3 + 4*s**2. Let k be n(2). Suppose 4*j + 20 = 0, 6*w = 2*w - 2*j + k. List the prime factors of w.
2, 13
Let j(k) = -k**2 + k - 2. Let l be j(2). Let d be (-9952)/(-56) + l/(-14). Let t = d + -110. What are the prime factors of t?
2, 17
Let c = -1073 + 2913. List the prime factors of c.
2, 5, 23
Let o(f) = -f**3 + f**2 + f - 2. Let d be o(2). Let k = d + 17. List the prime factors of k.
13
Let t = -370 - -916. What are the prime factors of t?
2, 3, 7, 13
Suppose 6*f - 5*f - 3 = 0. Let u = 14 + f. What are the prime factors of u?
17
Let f = 21 - 66. Let k be (4/10)/((-3)/f). Suppose z + 65 = k*z. What are the prime factors of z?
13
Suppose 46540 = -15*c + 67*c. What are the prime factors of c?
5, 179
Suppose 6*l - 10 = l. Let h = 196 - 139. Suppose -9 = -3*t + l*m + 49, -2*t + h = -5*m. List the prime factors of t.
2
Suppose -4*t + 12 + 232 = 0. Suppose 58 = 5*y - 3*x - t, 0 = 2*y - 4*x - 42. Let i = y + -15. List the prime factors of i.
2, 5
Let p(d) = -2*d**3 + 15*d**2 - 6*d - 7. Let o be p(7). Suppose -4*q + 154 - 30 = o. List the prime factors of 4*5/(-10) + q.
29
Let p(s) = -s**3 - 4*s**2 - s + 194. List the prime factors of p(0).
2, 97
Suppose -o + 12 = 5*o. What are the prime factors of 0 - (87 + o)*-1?
89
Let a(l) = -l**3 + 6*l**2 + l - 4. Let r be a(6). Suppose 5*s = s + 24. Suppose -r*k = -2*n - 64, -3*k - s*n + n + 96 = 0. What are the prime factors of k?
2
Let r = 376 - 39. List the prime factors of r.
337
Let x(o) = 4*o + 1. Let p be x(-2). Let s(n) = -10*n - 3*n**2 + 3 + 5*n**2 - 4*n**2 + n**2. List the prime factors of s(p).
2, 3
Suppose w = -w + 10252. What are the prime factors of w?
2, 11, 233
Let s(m) = 5*m**3 + 3*m**2 - 4*m + 12. List the prime factors of s(3).
2, 3
Let y(n) = 92*n - 20. What are the prime factors of y(3)?
2
Suppose -4*i = -4, -g = 7*i - 9*i - 304. List the prime factors of g.
2, 3, 17
Suppose 0*p - 15 = -v + 2*p, -2*p = -2*v + 20. Suppose -3*f + 367 = 5*g, v*f + 5*g - 575 = 4*g. What are the prime factors of f?
2, 3, 19
Let d(r) = 15*r**2 + 4*r - 2. Suppose -u = -s + 4*s + 5, -u + 1 = 0. What are the prime factors of d(s)?
2, 5
Suppose 5*i - 2*z = 4156, z - 4147 = -7*i + 2*i. What are the prime factors of i?
2, 5, 83
Let b = -97 - -50. Let s(j) = -180*j + 87. Let h be s(1). Let y = b - h. What are the prime factors of y?
2, 23
Let q = 136 - 133. Suppose -q = -2*m + 1, -5*n = 3*m - 1051. List the prime factors of n.
11, 19
Let f(m) = 10*m + 15*m - 51*m + 17. What are the prime factors of f(-6)?
173
Let h(r) = -r**3 + r**2 + 3*r + 2. Let k be h(4). Let y be (8 - 6) + k/(-2). Suppose -f + 2 + y = 2*m, 3*f - 48 = -m. What are the prime factors of f?
3, 5
Suppose -5*m = -4*c + 1327, m - 3*c = -2*m - 795. Let t = -148 - m. What are the prime factors of t?
7, 17
Let y be ((-11)/1)/((-13)/91). Suppose 4*m - 305 + y = 0. What are the prime factors of m?
3, 19
Let x be 330/8 - (45/(-12))/5. Let w = -3 + x. List the prime factors of w.
3, 13
Let l = 569 - 284. What are the prime factors of l?
3, 5, 19
Let q = 1614 - 948. What are the prime factors of q?
2, 3, 37
Let x(z) = 4*z**2 + 3*z + 7. Let o be x(-5). Let y = 6 + o. List the prime factors of y.
2, 7
Let x(f) = -8*f. Suppose -2*h + 11 = 5*b, -2 = -5*b - 3*h + 4*h. Let u be x(b). Let z = 15 + u. List the prime factors of z.
7
Let m be ((-6)/(-5))/(2/5). Suppose 4*r + 6 = 2*b, m*r + 15 + 2 = 4*b. Suppose -b*d = 3*k - 134, -91 = -2*k - 4*d + d. What are the prime factors of k?
53
Let d = -3931 + 5654. What are the prime factors of d?
1723
Suppose k + 8*k = 2637. Suppose 259 = 3*w - k. List the prime factors of w.
2, 23
Suppose -f = -5*q + 2*f + 31, 4*f - 2 = -2*q. Suppose q*o + 5 = -5*y, 8 = 4*o - 5*y - 24. List the prime factors of o.
3
Suppose 27 = -4*b + 3*o, 8 + 9 = -3*b - o. What are the prime factors of (-4 - (2 - b))*10/(-1)?
2, 3, 5
Suppose 5*s = 0, 0 = 2*p - 5*s - 4 - 6. Suppose 6*k - k = -15, p*j - 2*k - 1566 = 0. List the prime factors of j.
2, 3, 13
Suppose 5*g + 5*x + 4 = 29, -2*x + 4 = -g. Suppose -271 = -5*h + 2*w - 61, -2*w + 84 = g*h. What are the prime factors of h?
2, 3, 7
Suppose 1442*v - 3940 = 1432*v. List the prime factors of v.
2, 197
Suppose -49*k + 10932 = 3582. List the prime factors of k.
2, 3, 5
Suppose 3*f - 15 + 0 = -3*d, -3*f + 4*d = -8. Suppose o = -f*w + 298, 2*o + 0*o = -5*w + 371. List the prime factors of w/3 + (2 - 4).
23
Let n(l) = 17*l + 21. List the prime factors of n(16).
293
Suppose -5*o + 3*m + 5359 = 0, -4*o + 11*m = 16*m - 4265. List the prime factors of o.
2, 5, 107
Suppose 2*c - 731 = -5*f + 3394, -10 = 2*c. List the prime factors of f.
827
Let n(i) = -2*i + 4. Let k be n(2). Suppose x - 3 = k, -4*h - 3 = -3*h - 2*x. List the prime factors of h.
3
Let f = 1576 - 840. List the prime factors of f.
2, 23
Suppose -5*r + 3*z = -171, 0 = -4*r + 4*z + 116 + 24. Suppose k - 2*k = -r. What are the prime factors of k?
3, 11
Suppose -68*u = 2*b - 64*u - 650, 0 = -4*b + 4*u + 1312. What are the prime factors of b?
3, 109
Suppose 6 = 2*c - 0*c. Suppose -o - 2*i = -9 + c, 5*i + 24 = 4*o. Let j(t) = 9*t - 5. List the prime factors of j(o).
7
Suppose 12*i - 7*i = -2*q + 2348, 0 = -4*i - q + 1876. What are the prime factors of i?
2, 3, 13
Let h = -6 + 8. Suppose -2 - h = -u. Suppose -u*g + 45 = 5*l, 0*l = l - g - 9. List the prime factors of l.
3
What are the prime factors of 3 - 183337/(-66) - 1/(-6)?
3, 103
Let l(s) = -s**3 - 7*s**2 + s + 7. Let q be l(-7). Suppose 10 = -3*i - 2, q = z - i - 119. Suppose -3*u + 8*u = z. What are the prime factors of u?
23
Suppose -4*k - 54 = 2*k. Let t be (-3)/(-2)*30/k. Let q = t + 14. List the prime factors of q.
3
Let i = 161 + 640. List the prime factors of i.
3, 89
Suppose -a = -5*a - 4*q + 4, 3*q = 3*a + 3. Suppose 3*x = -a*x + 537. List the prime factors of x.
179
Let h = -159 + 75. Let f = 187 + h. List the prime factors of f.
103
What are the prime factors of (1271*(-1)/4)/((-13)/52)?
31, 41
Let v(s) = -s**2 - 14*s - 16. Let b be v(-11). Suppose -5*k = u - 119, -4*k + b + 78 = u. List the prime factors of (k/(-5))/((-4)/30).
2, 3
Let t(i) = -88*i - 4. Let m(g) = -g. Let b(l) = -20*m(l) - t(l). What are the prime factors of b(1)?
2, 7
Suppose 0 = -5*g + 3*g + 22. Suppose 3*u - 2*i - 24 = 5, -2*u + 3*i + g = 0. List the prime factors of u.
13
Suppose -p = 2*r - 3411, -3*r + 5149 = 2